(t) = 7 + 50*t - t**2 - 83*t + 28*t. Suppose 4*s - 25 = -r - 3, -4*s = 5*r - 30. Let m(l) = -l**3 + 6*l**2 - 6*l. Let b be m(s). Determine o(b).
7
Let c = 718 - 714. Let o(p) be the first derivative of 1/2*p**2 - 2*p**3 - 1/4*p**c + 28 + 3*p. Give o(-6).
-3
Suppose b + 37 = -4*m, 19 = -2*m + b - 2*b. Let q(y) be the first derivative of y**3/3 + 9*y**2/2 + 6*y - 363. Determine q(m).
6
Let b(o) = 6*o - 4. Let i be b(3). Let d(l) = l**3 - 19*l**2 - 23*l - 17. Let q(a) = 2*a**3 - 41*a**2 - 51*a - 35. Let u(k) = -5*d(k) + 2*q(k). Calculate u(i).
1
Let z(j) be the first derivative of j**4/4 + 8*j**3/3 + 2*j**2 + 33*j - 16. Let m be z(-8). Let w(g) = 13*g**3 + 2*g**2 - 1. Give w(m).
14
Let f(k) = k**3 - 6*k**2 - 6*k - 3. Let d be (-768)/1792 + (-62)/(-14). Suppose -3*h + 5*h - 10 = 0. Suppose 19 = -p + h*p - 3*z, d*z = 2*p - 2. Give f(p).
4
Let m(s) = 2 + 1 + s + 1. Let h be (-59)/(-9) + 12/27. Let l(u) = -u**2 + u + 34. Let j be l(h). Determine m(j).
-4
Suppose -5*q = -3673*n + 3671*n - 2, 2*q - 2*n = 20. Let o(p) be the third derivative of p**6/120 + 7*p**5/60 + 3*p**4/8 + 13*p**3/6 - p**2. What is o(q)?
-5
Suppose -5*m + 3*p = -15 - 10, 0 = 4*m + 5*p + 17. Let y(g) = -87*g + 5*g**3 - g**m - 5*g**3 - 3*g**2 - g**3 + 84*g. Let x = -1 - 1. Determine y(x).
-2
Suppose -23*n + 0*n - 3749 = 0. Let w = 164 + n. Let g(p) = -4*p**2 + 2*p - 1. What is g(w)?
-3
Let j(h) be the second derivative of -h**6/360 + 7*h**5/120 - h**4/3 - 100*h**3/3 - 76*h. Let l(y) be the second derivative of j(y). Give l(7).
-8
Let p(s) be the third derivative of -s**8/20160 + s**7/420 - s**6/240 - 7*s**5/10 + s**3/3 + 6*s**2. Let r(o) be the third derivative of p(o). Determine r(8).
29
Let i(s) = s**2 + 5*s + 9. Let a = 3722 + -3725. Determine i(a).
3
Let k(y) = y**2 - 24*y + 41. Let c = 6169 + -6146. Determine k(c).
18
Let r(l) be the third derivative of -l**6/120 - 3*l**5/20 - 5*l**4/12 - 17*l**3/6 + 1127*l**2. Calculate r(-8).
-1
Let a(o) = -o**3 - 7*o**2 - 2*o + 8. Suppose 114 = -18*f - 34*f + 33*f. What is a(f)?
-16
Suppose -14*l - 208 = 38*l. Let y(c) = -c**3 - 2*c**2 + 8*c - 4. Give y(l).
-4
Suppose 2 = 2*h - 15 + 15. Let y(v) = 15*v**3 + v**2 - 5*v + 4. Determine y(h).
15
Let i(t) = t**2 + 11*t - 1. Suppose 0 = -k + 3*s + 70 - 66, 3*k = -5*s - 30. Calculate i(k).
-31
Let w = -2 - -7. Suppose 0 = 4*z + w*g - 5, 4 = 2*z + 3*g + 1. Let a(x) = -2*x + z*x**2 + x**2 - 1 - 7*x + 7*x. What is a(4)?
7
Let p(r) = r**3 + 5*r**2 - 3*r - 6. Let b be 4*((-6)/(-10) - 6/(-15)). Suppose -2*k + 18 - b = 0. Let h = k - 11. Determine p(h).
22
Let d(c) be the second derivative of -c**4/12 - 17*c**3/6 - 43*c**2/2 + 320*c + 2. What is d(-13)?
9
Let s(p) = -p**3 + 132*p**2 + 131*p**2 - 6 - 256*p**2. Let w = 35 + -28. Give s(w).
-6
Let z(f) = -17*f**2 - 7666*f + 3821*f - 2 + 3845*f. What is z(-1)?
-19
Let x(d) = d**2 - 21*d + 21. Let n be x(20). Suppose 3*q - n + 145 = 0. Let s = q - -54. Let p(f) = f**3 - 5*f**2 - 5*f - 5. Give p(s).
1
Suppose 44 = k + 9*k + 12*k. Let t(j) = -2*j**3 + 2*j**2 + 5*j - 9. Calculate t(k).
-7
Let l(o) = -21*o + 349. Let d(k) = -21*k + 313. Let p(u) = -6*d(u) + 5*l(u). Calculate p(6).
-7
Let h(t) = 2*t**2 + 14*t + 37. Let p be h(-4). Let n(b) = b - 10. Let q be n(p). Let f(d) = d**3 - d**2 - 4*d - 1. Give f(q).
5
Let d be 128/10 - (5670/150 - 37). Let v(n) = -n**3 + 13*n**2 - 9*n - 33. Calculate v(d).
3
Let z(i) = -114 + 230 - 117 + 8*i + 2*i. Determine z(4).
39
Let h be (-2)/10*-25 + 1 + 4. Let x(j) = 1 - 31*j + 8*j + 2*j + 4*j + h*j. Determine x(1).
-6
Let y be ((-33)/(-6))/(0 + (-4)/(-8)). Suppose -s + 6 = y. Let c(z) = 7*z**2 - 3*z**2 + 0*z**2 + 1 + z**3 - 4*z. Give c(s).
-4
Let p(c) = -c**2 - 8*c + 1. Suppose -2*u + 5*q - 13 - 9 = 0, -2*u - 20 = -4*q. Let b be -6 + (u - (-8 + 3)). What is p(b)?
8
Let o be 2/7 + (1 - (-10)/14). Let g(u) = u**o + u**3 - 62 + u - 8*u**2 - 69 + 136 - 9*u. Give g(8).
5
Let t(k) = -2 + 17 + 1 + k**2 + 4 - k. Let c be 10/55 - 126/(-33). Suppose -d + b = c, -2*d + 2*b - 20 = -3*b. Calculate t(d).
20
Let x(k) = 6989*k - 3510*k - k**2 - 3496*k - 34. Determine x(-15).
-4
Let y(t) = -t**2 - 2*t + 11. Let g be y(3). Let h be (6 + (g - 1))*-5. Let n(k) = 5*k - k + 2 - 3*k. Calculate n(h).
-3
Let i(y) = 53*y + 22. Let t(z) = -119*z - 43. Let b(f) = -9*i(f) - 4*t(f). What is b(18)?
-44
Let w(u) = 8*u - 5. Let a(y) = -4*y. Let j(g) = 6*g. Let t(x) = -8*a(x) - 5*j(x). Let n(m) = -5*t(m) + w(m). Give n(-5).
5
Suppose -22*f + 223 = 25*f - 153. Let x(q) = -q**3 + 7*q**2 + 7*q - 3. What is x(f)?
-11
Let y(k) = k**3 + 13*k**2 + 18*k + 10. Let j(q) = -q - 3. Let c(i) = -3*j(i) - y(i). Determine c(-12).
35
Suppose 3*g = 3*a - 39, 0*a + 2*a = -5*g + 26. Let h(n) = 13*n**2 + 13*n**3 + 2 + 14 - a*n - 12*n**3. Let j be h(-14). Let f(m) = 2*m + 1. Calculate f(j).
5
Let h be (-6)/9*45/(-6). Let c(s) = -s**2 + 4*s. Let g be c(h). Let l(z) be the second derivative of -z**3/6 + 2*z**2 + 2518*z - 2. What is l(g)?
9
Let a(d) = -3*d**2 + 2*d - 8. Let r(p) = -p**2 + p - 1. Let y(b) = -a(b) + 2*r(b). What is y(-5)?
31
Let d(o) = 5*o**3 - 17*o**2 - 27*o + 14. Let b(z) = 14*z**3 - 50*z**2 - 78*z + 40. Let h(n) = -6*b(n) + 17*d(n). Give h(-10).
8
Let a(m) = -m**3 - 8*m**2 - 3*m - 8. Suppose 3*n = 5*r - 8, 3*r - 8 - 12 = -2*n. Suppose -2*z - 12 = v + n, 2*z = -8. Determine a(v).
16
Let x(m) = -3*m**2 + 2*m - 1. Let l(s) = s - 1. Let a(u) = 2*l(u) + x(u). Let y = -1963 + 1966. Calculate a(y).
-18
Let z(i) be the first derivative of -i**4/4 + i**3/3 - 5*i**2/2 - i - 3906. Calculate z(3).
-34
Let y(j) be the second derivative of j**3/3 + 23*j**2/2 + 3*j. Let r be 72/(-42) - (-580)/(-70). What is y(r)?
3
Let g(h) be the first derivative of 4*h**3/3 - 9*h**2/2 - h - 1. What is g(4)?
27
Let d = 40 - 41. Let b be 37/(d*(-3 - -2)). Let c(t) = -5*t**3 - 37 + b. What is c(-1)?
5
Let s(a) = a**3 - 5*a**2 - 2*a + 1. Suppose 2*b + 4*n = 20, -4*b - 5*n + 37 = 2*n. Determine s(b).
-23
Let k(n) = -12*n**2 - 24*n - 6 + 13325*n**3 + 16*n - 13327*n**3. Determine k(-6).
42
Suppose -5*c = 3*i - 36, -5 + 3 = i - 3*c. Let g(u) = 18 + 2 - i + 16*u + u**2. Calculate g(-15).
-2
Let c(t) = -20*t + 563. Let x be (-4)/38 - 66700/(-1900) - 7. Determine c(x).
3
Let d(l) = -47*l - 26*l - 188 + 4*l + 2*l. What is d(-3)?
13
Suppose 2*a + 3 = 5*a. Let n(z) = z**3 - 10*z**2 - z + 4. Let v(y) = y**2. Let f(g) = a*n(g) + 6*v(g). Give f(4).
0
Let l(i) = -32*i**2 - 15*i + 14. Let c(o) = 51*o**2 + 23*o - 22. Let t(a) = -5*c(a) - 8*l(a). Give t(-7).
12
Suppose 3*m + 0*m - 5*p = -2, p + 3 = 4*m. Let l(h) = -3*h**3 - 4*h**3 + 2*h - m + 6*h**3 - 4*h**2. Suppose -51 = 16*q + 13. What is l(q)?
-9
Let g(z) = 9*z + 2 + 28*z - 1. Let u = -17343 + 17344. Give g(u).
38
Let r = 365 + -366. Let d be (r + 0)/((-4)/(-16)). Let x(t) = t**3 + 3*t**2 - 5*t - 5. Calculate x(d).
-1
Let d(y) be the third derivative of y**5/30 + 11*y**4/24 + 3*y**3/2 - 40030*y**2. Let q be 9*-1 - -2*1. Give d(q).
30
Let i(j) = j - 8. Suppose -2*w + 2 = 4*x, -5*w + x = -w + 23. Determine i(w).
-13
Let h(o) = 3*o + 2. Suppose 23*u = -22*u + 135. Let m(c) = 7*c - 15. Let n(b) = -6*b + 14. Let r(t) = -4*m(t) - 5*n(t). Let g be r(u). Determine h(g).
-10
Suppose 50 + 5 = n. Let a(o) = -2*o**2 + 6*o - 3. Let r be a(2). Let s(z) = n*z - 56*z - 2 + r - 7. Give s(0).
-8
Let f(r) = -69*r**2 + r + 2. Let l(u) = -27*u + 269. Let p be l(10). Give f(p).
-68
Let g(d) = -d - 1. Let n(k) = 3*k + 11. Let j(a) = 4*g(a) + n(a). Let t = -24041 - -24035. Calculate j(t).
13
Let u(a) = -14402 - 18*a + 7197 + 7260. Determine u(5).
-35
Let p(x) be the second derivative of 1/20*x**5 - 2 - 7/2*x**2 - 5/12*x**4 + 1/6*x**3 + 13*x. Let f be 2/(-1) + 7/1. Give p(f).
-2
Let o(h) = -2*h + 97. Let f(l) = -2*l + 77. Let q(k) = 5*f(k) - 4*o(k). Give q(12).
-27
Let a(p) = p**3 + 6*p**2 + 2*p - 3. Let c = -146 + 173. Let j be 4/(-16) - (-51)/12. Suppose -3*q - c = 4*k + 4, -4*q - j*k = 36. Determine a(q).
12
Let w(f) be the first derivative of -7*f - 5/2*f**2 + 48 - 1/3*f**3. Suppose 2*t = -2*t - 24. Calculate w(t).
-13
Let a(g) = -17*g + 747. Let o be a(43). Let w(j) = j**2 - 10*j - 100. Give w(o).
-4
Let r(j) = 19*j**3 + 51*j**2 - 11*j + 2. Let k(s) = -7*s**3 - 17*s**2 + 4*s + 1. Let u(m) = -11*k(m) - 4*r(m). Determine u(17).
-19
Suppose 29 = 12*f + 17. Let l(v) = -5*v**2 - 3*v - 4. 